lse
Is 22304473 a prime number?
True
Is 2130239 a composite number?
False
Is 9335759 prime?
True
Is 130097 prime?
False
Is 106482073 a composite number?
True
Is 6054697 a prime number?
False
Is 738917 a prime number?
True
Is 174901549 a composite number?
False
Is 219467981 composite?
False
Is 201945407 a composite number?
False
Is 57282643 a composite number?
True
Is 56287321 a prime number?
True
Is 13558585 prime?
False
Is 1273289 a prime number?
True
Is 2639267 a prime number?
False
Is 227444201 composite?
True
Is 1300872497 a prime number?
True
Is 785639 a prime number?
False
Is 32357957 prime?
True
Is 394963 a prime number?
True
Is 103002089 a prime number?
True
Is 2231587 a composite number?
False
Is 5706119 composite?
True
Is 1771849 a prime number?
True
Is 903997 prime?
False
Is 931979 a prime number?
False
Is 271387757 composite?
False
Is 12231283 prime?
True
Is 102223 a composite number?
True
Is 3204073 prime?
True
Is 10634467 a composite number?
False
Is 67529285 a composite number?
True
Is 97253861 a composite number?
False
Is 317896963 a prime number?
True
Is 304021205 composite?
True
Is 89560859 a composite number?
False
Is 562953 composite?
True
Is 925829 a composite number?
True
Is 13414333 prime?
True
Is 74475367 composite?
False
Is 18453697 composite?
False
Is 209093 a composite number?
True
Is 57039247 composite?
True
Is 4005017 composite?
True
Is 1408843 composite?
False
Is 1072657 prime?
True
Is 2430143 composite?
True
Is 1346419 composite?
False
Is 1030551 composite?
True
Is 42610907 a prime number?
True
Is 134162317 a composite number?
True
Is 328792795 composite?
True
Is 3750269 composite?
False
Is 65148571 composite?
True
Is 19743447 prime?
False
Is 2466667705 prime?
False
Is 246585421 a prime number?
True
Is 321193319 a prime number?
True
Is 12164693 composite?
True
Is 122486849 composite?
False
Is 10460809 prime?
True
Is 609979 prime?
True
Is 9751133 a prime number?
False
Is 10752139 a composite number?
False
Is 2756413 a prime number?
False
Is 820873 composite?
False
Is 70975571 prime?
False
Is 144836157 a prime number?
False
Is 50624647 a composite number?
True
Is 220519 a prime number?
False
Is 267202169 a prime number?
False
Is 89783509 a prime number?
True
Is 25116977 composite?
False
Is 5209567 a composite number?
True
Is 594677 prime?
False
Is 628059241 a composite number?
True
Is 304157743 composite?
False
Is 2573869 a prime number?
True
Is 20565629 a prime number?
False
Is 9968381 a composite number?
False
Is 16376783 composite?
False
Is 8934441 composite?
True
Is 43119707 prime?
True
Is 20397511 a composite number?
False
Is 129506551 prime?
True
Is 1367053 a prime number?
False
Is 1925747 prime?
True
Is 226581583 prime?
True
Is 21034343 a composite number?
True
Is 102282287 prime?
False
Is 3397269 prime?
False
Is 11301419 a composite number?
False
Is 959819 composite?
True
Is 31872661 a composite number?
True
Is 83435527 a composite number?
True
Is 12208247 a prime number?
True
Is 1912467 a prime number?
False
Is 1670033 a prime number?
False
Is 35572622 prime?
False
Is 3733493 composite?
True
Is 2624513 a prime number?
True
Is 33449099 composite?
True
Is 194243741 a prime number?
True
Is 538832453 a prime number?
False
Is 33844781 a prime number?
True
Is 51483317 a prime number?
False
Is 1674611 a composite number?
True
Is 41909653 a prime number?
False
Is 2275043 a composite number?
False
Is 2430023 composite?
True
Is 47095379 composite?
False
Is 95192969 prime?
True
Is 26614013 a composite number?
True
Is 770569 a composite number?
True
Is 123559453 composite?
False
Is 7585709 a prime number?
False
Is 20670919 a composite number?
True
Is 330369353 composite?
False
Is 314792183 prime?
False
Is 571975363 a prime number?
True
Is 4709879 composite?
False
Is 123331739 prime?
True
Is 517993 composite?
True
Is 53256137 composite?
True
Is 111001 a prime number?
False
Is 11672039 a composite number?
True
Is 23245 prime?
False
Is 323594329 a prime number?
True
Is 63456401 a prime number?
True
Is 79761067 prime?
True
Is 366191843 prime?
True
Is 306855011 composite?
False
Is 91831001 a composite number?
True
Is 209303797 a prime number?
True
Is 288206857 prime?
False
Is 1540127 prime?
False
Is 91767391 composite?
False
Is 21288633 a composite number?
True
Is 33379763 a prime number?
True
Is 408545077 prime?
True
Is 241869911 prime?
True
Is 215115217 prime?
True
Is 4836809 prime?
True
Is 1988653 a composite number?
False
Is 1460629 prime?
True
Is 176349361 composite?
False
Is 19873537 composite?
True
Is 21980759 a composite number?
True
Is 2013517 a prime number?
False
Is 258662369 a prime number?
False
Is 411297713 prime?
True
Is 17348911 composite?
True
Is 89149813 a composite number?
False
Is 6030599 a prime number?
True
Is 2558047 prime?
True
Is 5452217 prime?
True
Is 3083413 composite?
True
Is 6165347 a prime number?
False
Is 49400719 prime?
True
Is 68180281 composite?
True
Is 616879339 a composite number?
True
Is 130353821 a composite number?
True
Is 58759 prime?
False
Is 2219309 a composite number?
False
Is 2279993 prime?
True
Is 3066033 composite?
True
Is 1503233 composite?
False
Is 123602137 a prime number?
False
Is 31469 composite?
False
Is 52814687 a composite number?
False
Is 8975101 prime?
True
Is 14795111 composite?
False
Is 11757269 composite?
False
Is 217065581 composite?
True
Is 79139 composite?
False
Is 18692689 a composite number?
False
Is 478697291 a composite number?
False
Is 1809653 a prime number?
False
Is 2196574 prime?
False
Is 22312903 a prime number?
True
Is 433282 prime?
False
Is 193160333 composite?
False
Is 9456023 prime?
False
Is 116216903 composite?
True
Is 9246761 composite?
False
Is 78894451 a composite number?
False
Is 3193109 a composite number?
True
Is 559987217 a composite number?
False
Is 35161879 composite?
False
Is 1164716029 a composite number?
True
Is 23493223 composite?
True
Is 72971309 composite?
True
Is 120379423 a prime number?
True
Is 36670511 a composite number?
False
Is 218923 a prime number?
True
Is 5388665 composite?
True
Is 36725509 composite?
False
Is 3431339 composite?
True
Is 299142581 a composite number?
False
Is 563331851 a prime number?
True
Is 29024041 a composite number?
True
Is 2555815 composite?
True
Is 3017341 a composite number?
False
Is 28954595 a composite number?
True
Is 989773 composite?
True
Is 13415561 prime?
False
Is 224504753 a prime number?
False
Is 16311703 composite?
True
Is 1286939 a composite number?
False
Is 27868353 a prime number?
False
Is 16841267 a prime number?
False
Is 227438231 a composite number?
False
Is 4236971 composite?
False
Is 780413 composite?
True
Is 9876017 a composite number?
False
Is 557694811 prime?
True
Is 1323107 composite?
False
Is 7152487 prime?
True
Is 12040463 prime?
True
Is 338223 composite?
True
Is 199640681 a composite number?
False
Is 32168657 composite?
False
Is 2128063 a prime number?
False
Is 4231627 composite?
False
Is 145728809 prime?
True
Is 90245455 a prime number?
False
Is 841349789 composite?
True
Is 39245398 a composite number?
True
Is 40115337 prime?
False
Is 1693075321 a prime number?
False
Is 4590193 composite?
True
Is 102352897 composite?
False
Is 10122451 prime?
False
Is 19741921 a composite number?
False
Is 365747 prime?
True
Is 12435053 prime?
True
Is 39420622 a prime number?
False
Is 1857271 composite?
True
Is 43309787 prime?
False
Is 449633 a prime number?
False
Is 6229189 composite?
True
Is 799691 composite?
True
Is 444993 a composite number?
True
Is 4882483 prime?
False
Is 874672531 a prime number?
True
Is 1879099 composite?
False
Is 29708243 composite?
True
Is 122991406 a composite number?
True
Is 1237051517 a prime number?
False
Is 287386237 a prime number?
False
Is 4069991 a prime number?
True
Is 3653291 a prime number?
True
Is 5241101 a composite number?
False
Is 3435767 composite?
False
Is 24763519 a composite number?
True
Is 5773259 prime?
True
Is 32470727 composite?
True
Is 3542681 composite?
True
Is 188291855 prime?
False
Is 17128549 prime?
False
Is 11084071 prime?
False
Is 32232443 prime?
True
Is 19597477 a composite number?
True
Is 30350513 a prime number?
False
Is 24611891 a composite number?
False
Is 586683385 composite?
True
Is 984121517 a prime number?
False
Is 134270133 